What is the hundreds digit of y?
9
Let r = 14574 + -2778. What is the units digit of r?
6
Let p(m) = 574*m + 6476. What is the units digit of p(12)?
4
Suppose -2*q - 157 = -3*q - 4*r, 539 = 3*q - 5*r. Let t = 228 - q. What is the tens digit of t?
5
Let s(c) = -86*c + 2616. What is the units digit of s(-42)?
8
Let m = 136802 - 75950. What is the hundreds digit of m?
8
Let p be 7 - 280 - (-8)/2. Let z = p - -809. What is the hundreds digit of z?
5
Suppose 2*r = 5*r. Let f be (19 + 623)*(-2 + 51/(-18) - -5). Suppose r = q + f - 127. What is the units digit of q?
0
Let a(t) = t**3 - 59*t**2 - 111*t + 121. What is the hundreds digit of a(62)?
7
Let s(k) = -3*k**2 + 16*k - 28. Let n be s(3). What is the hundreds digit of ((-375)/20 - n)/(2/(-64))?
3
Let v(y) = 15*y**3 - 8*y**2 + 6*y - 18. Let s be v(11). Suppose z + s = 14*z. What is the units digit of z?
5
Let n = 458 + -273. Let p = n - 273. What is the hundreds digit of ((-90)/(-24))/(-3)*1*p?
1
Let x = -11354 - -22549. What is the hundreds digit of x?
1
Let p = 46156 - 31839. What is the tens digit of p?
1
Suppose 507565 = 33*o - 313112. What is the hundreds digit of o?
8
Let h(n) = n - 11. Let p(b) = b - 5. Let i(a) = -3*h(a) + 5*p(a). Let x be i(-4). Suppose 3*k - 2*k = -z + 215, x = -z - 2. What is the hundreds digit of k?
2
Let x be ((-9)/6)/((-6)/20). Let q be ((-4)/(-8) + 0)*(x - -1). What is the units digit of 27*(q - (-3 - -3))?
1
What is the units digit of (-27271755)/(-819) + (-4)/(-26) + 2*-2?
5
Let h = 9 + -27. Suppose -320 + 125 = 65*t. What is the tens digit of 52*(h/8 - t)?
3
Suppose p - 6 = 4*b - 21, -2*b = -3*p - 5. Suppose 4*f + b*w - 3000 = 3136, -f + 4*w + 1509 = 0. What is the thousands digit of f?
1
Suppose 3*c - 2 = 1. Let i be ((-51)/6)/(c/2). Let m(n) = -7*n - 22. What is the units digit of m(i)?
7
Suppose -j - 1 = 3*q, -2*j = -6 + 8. What is the tens digit of (q - -28) + 32/(-32)?
2
What is the tens digit of (-128)/(-1216) + 29*(-12471)/(-57)?
4
Let i(d) = d**3 + 5*d**2 + 9*d + 9. Let n be i(-2). Let c(s) = 77*s + 4. What is the hundreds digit of c(n)?
2
Let s be -1*(-205)/40 + (-1)/8. Suppose t = -g + 238 + 679, -25 = s*t. What is the tens digit of g?
2
Suppose 0 = 76*x - 66*x. Suppose -48*z + 30*z + 2070 = x. What is the units digit of z?
5
Suppose 91*p = 5*s + 90*p - 40878, 15 = -5*p. What is the hundreds digit of s?
1
Let g = -130 + 345. Let t = g + -114. What is the hundreds digit of t?
1
Let k = -282 + 322. Let y = 86 + k. What is the units digit of y?
6
Suppose 121*q - 1604207 = -221177. What is the hundreds digit of q?
4
Let t = 8 + -1. Suppose 5*z + 3 = 4*w + 4*z, -2*z = -5*w. What is the units digit of (t*w/2)/((-4)/(-16))?
8
Let p(z) = 321*z + 89. Let b be p(3). Let c = b - 578. What is the tens digit of c?
7
What is the thousands digit of (-7 + (-104)/(-16))*-8746?
4
Suppose q - 5*c = -c + 1641, -6525 = -4*q + 3*c. What is the thousands digit of q?
1
Suppose 29*r + 235 = 34*r. Suppose -i + 82896 = r*i. What is the tens digit of i?
2
Let b(t) = t**3 + 5*t**2 - 6*t + 3. Let l be b(-7). Let f = l + -15. Let n = 121 + f. What is the units digit of n?
3
Let q(s) be the third derivative of 191*s**5/30 + 13*s**4/24 - 13*s**3/6 - 2*s**2 - 5. What is the units digit of q(1)?
2
Let n be 2*(4 - 25/10). Suppose 18 = 3*c + 4*u, -2*c + 0*u = -n*u + 5. Suppose 5*y - 204 = -o, c*y - 4*o = -0*y + 86. What is the tens digit of y?
4
What is the units digit of 18*(40038/156 + 4/(-26))?
7
What is the ten thousands digit of ((-44975040)/(-136))/10 - 18/(-153)?
3
Let p(l) = -l**3 - 4*l**2 - 3*l + 3. Let v be p(0). What is the units digit of (6*v/36)/(2/3232)?
8
Let q be (-77)/(((-13)/(-3) + -5)/2). Suppose -5394 = -q*g + 225*g. What is the hundreds digit of g?
8
Let i = 25687 + -14576. What is the tens digit of i?
1
Let s(d) = 11*d + 51. Let u be s(-5). Let n be 200/90 - u/(-18). Suppose 2*v - 184 = v + n*l, 4*l = -v + 172. What is the tens digit of v?
8
Suppose -4*w + 2*v = -5*w + 261, -v - 2 = 0. Suppose -3*p = -w - 107. What is the units digit of ((-72)/32)/((-3)/p)?
3
Let q(o) = o + 13. Let r be q(-15). Let f(l) = l**3 + 4*l**2 + 4*l. Let v be f(r). What is the tens digit of (15 - 8) + (5 - (2 + v))?
1
Let j = 55 + -48. Suppose 0 = -4*t + 3*l - j*l + 480, 5*t - 560 = 3*l. What is the tens digit of t?
1
Suppose 3*v = -l + 70519, 15133 = 4*v + l - 78890. What is the hundreds digit of v?
5
Suppose -4*c - 9 = -3*c + 4*d, 4*d + 21 = 3*c. Let x(g) = 9*g - 20. Let z be x(c). Suppose z*j - 329 - 161 = 0. What is the tens digit of j?
7
Let s(x) = -51*x + 5*x**3 - 10 - x**2 + 58*x + 9. What is the tens digit of s(2)?
4
Suppose 0 = 2*t - 2*m - 140, 31 = t + 4*m - 34. Let a = 118 + t. What is the units digit of a?
7
Let a = -7 - -6. Let m be (4 - 4)/4*a/(-1). Suppose -5*y = m, 3*b - 2*b - 64 = -y. What is the tens digit of b?
6
Let c be -3 - (-3740 - -2)/7. Suppose 0 = v + b - 172, 10*v = 13*v - 2*b - c. What is the units digit of v?
5
Suppose 0 = 79*v - 56*v + 108*v - 1557459. What is the hundreds digit of v?
8
Let x(a) = 56*a**2 + 35*a**2 + 15*a - 8 - 30*a + 14*a. What is the units digit of x(-2)?
8
Let z(j) = -12*j - 20. Let h(a) = -11*a - 20. Let o(n) = -3*h(n) + 2*z(n). Let p(x) = -4*x - 10. Let k(c) = 3*o(c) + 5*p(c). What is the units digit of k(6)?
2
Let h(l) = -112*l. Let a be h(-12). Let n = 2383 - a. What is the units digit of n?
9
Let x = 37 + -23. Let i(k) = -k**3 + 38*k**2 + 80*k + 18. Let b be i(40). Let m = b - x. What is the units digit of m?
4
Let t = -6 - -24. Suppose -c - 5*c = t. Let l(q) = -6*q - 6. What is the units digit of l(c)?
2
Let c(p) be the third derivative of -p**6/120 - 13*p**5/60 + p**4/4 - 7*p**3/3 - 300*p**2. What is the tens digit of c(-14)?
9
What is the ten thousands digit of (-14 - 1270)*(5 - 114/4)?
3
Let a(y) be the second derivative of -79*y**3/6 - 55*y**2/2 - 6*y + 7. What is the hundreds digit of a(-6)?
4
Suppose -5*w = 5*y - 110 + 375, -2*w - 112 = 5*y. Let s = w - -66. What is the tens digit of (-8)/(-20) + (-2 - (-564)/s)?
3
Let s be 287/(-28) - (-2)/8. What is the units digit of (-30328)/(-80) + 1/s?
9
Suppose -d - 1148 = 529. Let v = -622 - d. What is the hundreds digit of v?
0
Suppose 0 = k - 6*k + 2*k. Suppose 696 = 4*b - 2*v, b - 5*v - 183 - 9 = k. Let d = 246 - b. What is the units digit of d?
4
What is the units digit of (-16)/((-80)/35215) - -12?
5
Suppose -20 = -9*g - 2. Suppose -g*j = -6*j + 476. What is the units digit of j?
9
Let g(s) = s**3 - 18*s**2 - 5. Let y be g(18). Let b = y - -61. What is the units digit of b?
6
Suppose 0 = 2*f - 31 + 15. Suppose f*m = 4*m. Suppose m = -2*z + 4*z + 3*p - 36, -5*p - 72 = -4*z. What is the units digit of z?
8
Suppose -q - 4*q = -4*b - 2739, 5*q + 3*b - 2732 = 0. Let w = -347 - -700. Let x = q - w. What is the hundreds digit of x?
1
Let s = 22 - 22. Suppose s = 2*z + 10 + 12. Let d(i) = -7*i - 6. What is the units digit of d(z)?
1
What is the tens digit of 4 + (0 - (-9)/(-3)) + 6779?
8
Let c = 79 + -29. Suppose 0 = -52*p + c*p + 266. Suppose 5*i + 2*i = p. What is the units digit of i?
9
Let w be 48/120*20/(-2). Let m(u) = -150*u - 56. What is the units digit of m(w)?
4
Suppose -4*g + t - 113 = 0, 5*g + t + t = -125. Let m be g/(-3) + (-2)/(-2). What is the units digit of 56/3 - m/15?
8
What is the ten thousands digit of (-1 - -2)*(-50)/30*-11373?
1
Suppose 0 = 4*p - 5*t - 107, -5*p + 4*p = -4*t - 35. Suppose 25*q - p*q = -112. Let h = -10 - q. What is the units digit of h?
6
Suppose -871456 = -113*l + 417422. What is the ten thousands digit of l?
1
Let t = -39 - -94. Suppose t*j - 50*j - 1240 = 0. What is the hundreds digit of j?
2
Suppose 3*g = -2*k + 7969, 5*k = 5*g - 15146 + 1881. What is the units digit of g?
5
Let l = -1513 - -4130. Suppose l = -53*i + 94519. What is the tens digit of i?
3
Let a = -248 - -624. Suppose 3*u - 29*t + 22*t = 1653, -2*u = -3*t - 1097. Let m = u - a. What is the units digit of m?
8
Let f(j) = j**2 + 9*j + 24. Let t be 2/((-12)/6 + 40/18). What is the tens digit of f(t)?
8
What is the tens digit of 7 - (-29*353 + (17 - 39/3))?
4
Let h(a) = 2*a**3 + 72*a**2 + a + 6. Let q be h(-36). Let u(m) = m + 103. What is the units digit of u(q)?
3
Let a(l) = -4*l + 190. Let k be a(45). Let c(v) = -v**2 + 35*v - 9. What is the tens digit of c(k)?
4
Let r(y) = -2*y + 